k*t + 38 = 4*t. What is the greatest common divisor of t and n?
19
Let r(y) = y**3 - 6*y**2 + 2*y - 8. Let w be (6/5)/((-3)/(-15)). Let m be r(w). What is the greatest common divisor of m and 20?
4
Let n(k) = 2*k**2 - 4*k + 2. Suppose 0 = -3*w - w + 16. Let l be n(w). Let f(j) = 5*j**2 + 7*j + 2. Let s be f(5). What is the highest common factor of l and s?
18
Suppose 3*u - 6 - 78 = 0. Let x be 3/2*28/6. Calculate the highest common divisor of x and u.
7
Suppose -2*p = -3 - 7. Suppose -2*y = -p*y - 3. Let k(u) = -57*u. Let f be k(y). Calculate the highest common factor of 19 and f.
19
Suppose 3*v + 15 = 75. What is the highest common divisor of v and 5?
5
Suppose c - 8 = -3*g, 5*c = -4*g - 0 - 4. Let z(n) = -n - 2. Let w be z(-2). Let b be (1 + w)/((-2)/(-2)). Calculate the greatest common factor of g and b.
1
Let c(r) = -r**3 + 11*r**2 - 19*r + 17. Let g be c(9). Calculate the highest common divisor of g and 40.
8
Let n = -2 + 10. What is the highest common factor of n and 8?
8
Let z(d) = 2*d**2 + d + 2. Let k be z(3). Let q = k + -6. What is the highest common divisor of 17 and q?
17
Suppose -68 = -2*d - 2*d. What is the greatest common factor of 187 and d?
17
Let p(i) = 31*i**2 - i - 2. Let b be p(-1). Let j = -138 - -213. What is the highest common divisor of j and b?
15
Let n(d) = 20*d**3 + 1. Let y be n(-1). Let b = -15 - y. What is the highest common divisor of b and 16?
4
Suppose -d + 5*p = -8 - 5, 3*p + 6 = 0. What is the highest common factor of d and 15?
3
Suppose p - 4 = -3*b, b - 11 - 7 = -2*p. What is the greatest common factor of p and 55?
5
Let n(q) = 2*q**2 - 8*q + 6. Suppose 2*o - 3*x = -5, -2*o + 4*x = 2*x. Let k be n(o). Let c = k + -8. What is the highest common divisor of 20 and c?
4
Suppose -5*y + 10 = 2*q - 0, 5*q = -4*y + 25. What is the highest common divisor of q and 5?
5
Suppose 4*k - 1 = 7. What is the greatest common divisor of k and 4?
2
Suppose 5*r - 38 = -2*h, 2*h - 11 = -4*r + 21. Let q = -15 + -13. Let f be (-1358)/q - 2/4. Calculate the highest common factor of f and r.
6
Let f = -34 - -52. Let j(k) be the third derivative of -9*k**4/8 - 3*k**2. Let g be j(-1). Calculate the greatest common divisor of f and g.
9
Suppose s = -3*m - 615, -2*s = s - 9. Let y = m + 301. What is the highest common divisor of 19 and y?
19
Let g be (2 + -296)*2/(-4). What is the highest common factor of g and 21?
21
Suppose 5*a + 16 = 106. Calculate the greatest common divisor of a and 72.
18
Let i(b) = b**3 - 10*b**2 + 10*b + 5. Let c = -19 - -28. Let u be i(c). Calculate the greatest common divisor of 98 and u.
14
Let v = 2 + -5. Let w be 3*v/(-18)*4. Suppose 108 = w*j + m, -2*m - 86 + 354 = 5*j. Calculate the greatest common factor of j and 13.
13
Let u = 2 - 1. Let k(q) = -3*q**3 - 27*q**2 + 4. Let z be k(-9). Calculate the greatest common divisor of z and u.
1
Let d(a) = a**2 + 5*a + 6. Let z be d(-5). Let p be 33/6 - 3/z. Let o be (-3 - 0)*p/(-1). What is the greatest common divisor of o and 3?
3
Let s(g) = -g - 5. Let c be s(-4). Let t be (1 - 2)/(c/13). Let j = 3 - -10. What is the greatest common divisor of t and j?
13
Let z = 382 - 162. Calculate the greatest common factor of 20 and z.
20
Let s = 4 + 59. Suppose -2*m = m - s. What is the highest common factor of 3 and m?
3
Suppose 4*l = -44 + 16. Let i(q) be the third derivative of -q**5/60 - 3*q**4/8 - q**3/3 - q**2. Let b be i(l). Calculate the highest common factor of 12 and b.
12
Let o(s) = 50*s**2 - 2*s + 1. Let q be o(1). Suppose 2*c = 8 + 6. What is the greatest common factor of c and q?
7
Suppose -4*b - 4*x = -6*x - 174, 5*x + 141 = 3*b. Calculate the highest common factor of b and 6.
6
Let x = 1 - -2. Suppose t = -5*v + v - 2, -5*t + 3*v + 13 = 0. Let m be (2 + 0)*3/t. What is the greatest common divisor of x and m?
3
Let g be (68/(-6) - -2)*-27. Suppose y - 16 = 5*m, 5*y + 4*m - g = -85. Suppose 0 = 3*r - y - 149. Calculate the greatest common divisor of r and 24.
12
Suppose 5*c = 10*c - 270. What is the highest common factor of c and 135?
27
Suppose -4*j = -3*y + 28, -y = -0*y - j - 9. Suppose -5*g + t = -y - 47, -2*g + 22 = t. Calculate the greatest common divisor of 33 and g.
11
Let j be (-2)/4 - 647/(-2). Let i = j + -213. Suppose 0 = -5*r + 4 + 46. What is the highest common divisor of r and i?
10
Let d be 5/(10/4) - 1. Let s(w) = w**2 + 5*w + 3. Let a(j) = j - 1. Let u be a(-4). Let q be s(u). Calculate the highest common divisor of q and d.
1
Let j(a) = -a**3 + 8*a**2 + 9*a + 2. Let q be j(9). Suppose -5*t - 145 = -5*h, 6*t - q*t = 16. Calculate the greatest common factor of 3 and h.
3
Suppose -2 = -4*m + 2. Let w be (5/3)/(m/(-3)). Let v(n) = -n**3 - 6*n**2 - 8*n - 4. Let u be v(w). Calculate the highest common divisor of 22 and u.
11
Let v be 14 - (39/9 - 4)*0. Calculate the greatest common divisor of v and 126.
14
Suppose 3*k = 90 + 126. Calculate the greatest common divisor of 16 and k.
8
Let k(r) = r**2 + 4*r + 3. Let x be k(-3). Suppose 3*h = -x*h + 504. Calculate the highest common factor of 21 and h.
21
Let j be 48/(-80) - (-453)/5. What is the greatest common factor of j and 18?
18
Let x(j) = -j**2 + 6*j + 5. Let a be x(7). Let z(f) = -26*f. Let q be z(a). Calculate the highest common divisor of q and 130.
26
Suppose -x - s = 3*x - 23, 12 = 3*x - s. Suppose 5*l - x*p - 10 = 0, -l = -p + 3*p - 8. Calculate the highest common divisor of l and 16.
4
Let a be 1/(-3) + (-26)/(-6). Suppose 26 = k - 2*f, -4*k - k + 85 = 5*f. Calculate the highest common factor of a and k.
4
Let h be 1 - ((0 - 2) + 3). Suppose -3*u + 36 = -h*u. What is the highest common factor of u and 132?
12
Let q = 11 - 7. Suppose l + 0 = 3, -q*b - 3*l = -45. Suppose 2*y - b - 48 = 3*a, -a - 123 = -5*y. What is the highest common factor of y and 12?
12
Suppose -w + 66 = 4*w - f, -5*f + 47 = 4*w. What is the highest common factor of 13 and w?
13
Let o(j) = -177*j + 10. Let m be o(-1). Let t be 1*2/(-2)*-17. Calculate the highest common factor of m and t.
17
Let b = 139 + -127. What is the greatest common divisor of 48 and b?
12
Suppose 0 = -2*y + 167 + 13. Calculate the highest common factor of y and 18.
18
Suppose -z + 0*u = -4*u + 12, 2*u - 42 = -4*z. Suppose -z*a + 320 = -4*a. Let i be (-2)/(-8) + (-254)/(-8). Calculate the greatest common divisor of a and i.
16
Suppose 2*f + 3*f + 150 = 0. Let z be (-168)/10*f/4. What is the highest common factor of z and 14?
14
Let j(t) be the second derivative of t**4/6 + t**3/6 + 7*t**2/2 - t. Let w be j(-4). What is the greatest common factor of w and 5?
5
Suppose -5*g + g = -96. Let q be 34/8 + (-2)/8. Suppose 0 = -q*l + 26 + 6. What is the greatest common factor of l and g?
8
Suppose 2*q + 1 - 5 = 0. Calculate the highest common divisor of q and 8.
2
Let f(z) = 3*z**2 - 3*z. Let b be 1 + (2 - (2 - 1)). Let r be f(b). Let g be r/(-15)*(-30 - 0). What is the highest common divisor of g and 36?
12
Let a = 13 + -9. Suppose -2*o = a*w - 24, 1 = -o - 1. What is the greatest common divisor of w and 7?
7
Let y be (-2)/(-4) + 98/(-4). Let p be (2/(-3))/(2/y). Calculate the highest common divisor of 64 and p.
8
Let w(l) = l**2 - 2*l + 4. Let o be w(3). Let g = 2 + o. Let b be 1*73 + 2 + -3. Calculate the greatest common factor of g and b.
9
Let d(r) = r**2 + 4*r - 4. Let b be d(-5). Let x(n) = 3*n + 4. Let v be x(2). Calculate the greatest common factor of v and b.
1
Let p = 207 + -201. What is the highest common factor of p and 192?
6
Let z be ((-54)/(-4))/(13/(-4) + 4). Suppose s - 4*s - 51 = 0. Let i = -8 - s. What is the highest common divisor of z and i?
9
Let b = 127 - 51. Suppose -w = -4*r - 27, -5*w + 2*r = -67 - 32. Calculate the greatest common factor of w and b.
19
Let p = -13 + 31. What is the highest common divisor of 27 and p?
9
Let w be 2/(8/100) + 2. Suppose 7*s - w = 4*s. Calculate the greatest common factor of 63 and s.
9
Let k = 208 - 117. What is the highest common factor of k and 13?
13
Suppose 0 = u - 4*o - 27, -2*u = -4*o - 66 + 24. What is the greatest common divisor of 120 and u?
15
Suppose -17 = 5*k - 4*h - 62, -45 = -5*k - 4*h. Suppose -d - 1 = c - 40, -4*d = c - 45. Let l = 73 - c. What is the greatest common divisor of l and k?
9
Suppose -90 = -4*z - 4*w + 34, -4*w - 20 = 0. What is the highest common divisor of z and 